{"id":756,"date":"2015-06-08T22:04:49","date_gmt":"2015-06-08T20:04:49","guid":{"rendered":"https:\/\/www.feuerwehrvereinbuelach.ch\/?page_id=756"},"modified":"2015-06-27T15:05:30","modified_gmt":"2015-06-27T13:05:30","slug":"feuerwehr-oldtimer-mieten-fuer-hochzeit-in-zuerich","status":"publish","type":"page","link":"https:\/\/www.feuerwehrvereinbuelach.ch\/?page_id=756","title":{"rendered":"Feuerwehr Oldtimer mieten f\u00fcr Hochzeit in Z\u00fcrich"},"content":{"rendered":"<section id=\"section_0\" class=\"section double-section section-default section-border-yes \" style=\"background-color:#ffffff;background-image:url(https:\/\/www.feuerwehrvereinbuelach.ch\/wp-content\/uploads\/2015\/06\/oldtimer-feuerwehr-feuerauto-mieten.jpg);\"><div class=\"double-section-content\">\n\t\t<div class=\"container\"><div class=\"row-fluid\">\n\t\t\t<div class=\"section-container section-fixed-background-yes  section-bgstyle-stretch rm-padding-no fullwidth-no alignv-center-no \" style=\"padding-top:0;padding-bottom:0;\"><div class=\"inner-content\"><\/div><\/div><div class=\"section-container section-fixed-background-yes  section-bgstyle-stretch rm-padding-no fullwidth-no alignv-center-no \" style=\"padding-top:60px;padding-bottom:60px;background-color:#515151; background-color:rgba(81,81,81,1);\"><div class=\"inner-content\">\n\t<h2 class=\"title textleft style1 divider-light divider-default color-primary\" style=\"margin-bottom:20px\"><span>Feuerwehr Oldtimer mieten<\/span>\n\t<\/h2>\n\n\t<div class=\"column-text clearfix\">\n\t\t<span style=\"color: #ffffff;\">Suchen Sie einen Feuerwehr Oldtimer f\u00fcr Ihre Hochzeitsfahrt? Wir vermieten unseren Feuerwehr Oldtimer f\u00fcr Hochzeit, Geburtstag, Jubil\u00e4um, Feiern aller Art, Werbung, Film- und Fotoaufnahmen etc.<\/span>\n\t<\/div> <\/div><\/div><\/div>\n\t\t<\/div><\/div>\n\t<\/section><\/div><\/div><\/section><section id=\"section_1\" class=\"section  section-border-no section-height-content section-parallax-no section-bgtype- section-fixed-background-yes  section-bgstyle-stretch section-triangle-no triangle-location-top section-overlay-no section-overlay-dot-no \" data-parallax_speed=\"0.8\" style=\"padding-top:60px;padding-bottom:60px;background-color:#ffffff;\" data-video-ratio=\"\"><div class=\"section-overlay\"><\/div><div class=\"container section-content\"><div class=\"row-fluid\"><div class=\"row-fluid element-padding-default \">\n\t<div class=\"span4\">\n\t\t<div class=\"inner-content\">\n\t\t\t\n\t<div class=\"column-text clearfix\">\n\t\t<strong>Technische Daten<\/strong><\/p>\n<ul class=\"icon-list size-small\">\n<li><span  class=\"brad-icon \" ><i class=\"fa-fire-extinguisher\"><\/i><\/span>Baujahr 1938\u00a0<\/li>\n<li><span  class=\"brad-icon \" ><i class=\"fa-fire-extinguisher\"><\/i><\/span>Leistung ca. 96 kW (ca 130 PS)\u00a0<\/li>\n<li><span  class=\"brad-icon \" ><i class=\"fa-fire-extinguisher\"><\/i><\/span>Hubraum 5212 ccm (320 cu inch) <\/li>\n<li><span  class=\"brad-icon \" ><i class=\"fa-fire-extinguisher\"><\/i><\/span>Gewicht leer ca. 2700 kg <\/li>\n<li><span  class=\"brad-icon \" ><i class=\"fa-fire-extinguisher\"><\/i><\/span>Zuladung 600 kg <\/li>\n<\/ul>\n\t<\/div> \n\t\t<\/div> \n\t<\/div> \n\n\t<div class=\"span4\">\n\t\t<div class=\"inner-content\">\n\t\t\t\n\t<div class=\"column-text clearfix\">\n\t\t<strong>Preise<\/strong><\/p>\n<p>ab CHF 300.00 inkl. Chauffeur\n\t<\/div> \n\t\t<\/div> \n\t<\/div> \n\n\t<div class=\"span4\">\n\t\t<div class=\"inner-content\">\n\t\t\t\n\t<div class=\"column-text clearfix\">\n\t\t<strong>Mietanfrage<\/strong><\/p>\n<p>Feuerwehrverein B\u00fclach<br \/>\nAllmendstrasse 4<br \/>\n8180 B\u00fclach<\/p>\n<p>Direkt zum <a href=\"https:\/\/www.feuerwehrvereinbuelach.ch\/?page_id=796\">Kontaktformular<\/a>\n\t<\/div> \n\t\t<\/div> \n\t<\/div> \n<\/div><div class=\"row-fluid element-padding-default \">\n\t<div class=\"span12 agb\">\n\t\t<div class=\"inner-content\">\n\t\t\t<div class=\"gap \" style=\"height:40px;line-height:40px;\" ><\/div>\n\n\t<div class=\"column-text clearfix\">\n\t\t\n<p><strong style=\"line-height: 12px; font-weight: 100; font-size: 80%;\">*Die Miete f\u00fcr zwei Stunden CHF 300.00. Jede weitere angebrochene Stunde CHF 100.00. Jeder gefahrene Km wird zus\u00e4tzlich mit CHF 2.00 pro Km verrechnet. Der Packard wird nur mit Fahrer vermietet. Der Feuerwehrverein B\u00fclach erwirtschaftet mit der Vermietung des Fahrzeuges keinen Gewinn. Die Einnahmen werden ausschliesslich in den Unterhalt des Fahrzeuges investiert.<\/strong>\n\t<\/div> \n\t\t<\/div> \n\t<\/div> \n<\/div><\/div><\/div><\/section>\n","protected":false},"excerpt":{"rendered":"Feuerwehr Oldtimer mieten Suchen Sie einen Feuerwehr Oldtimer f\u00fcr Ihre Hochzeitsfahrt? Wir vermieten unseren Feuerwehr Oldtimer f\u00fcr Hochzeit, Geburtstag, Jubil\u00e4um, Feiern aller Art, Werbung, Film- und Fotoaufnahmen etc. Technische Daten Baujahr 1938\u00a0 Leistung ca. 96 kW (ca 130 PS)\u00a0 Hubraum [...]","protected":false},"author":56,"featured_media":0,"parent":0,"menu_order":0,"comment_status":"open","ping_status":"open","template":"","meta":{"footnotes":""},"class_list":["post-756","page","type-page","status-publish","hentry"],"_links":{"self":[{"href":"https:\/\/www.feuerwehrvereinbuelach.ch\/index.php?rest_route=\/wp\/v2\/pages\/756","targetHints":{"allow":["GET"]}}],"collection":[{"href":"https:\/\/www.feuerwehrvereinbuelach.ch\/index.php?rest_route=\/wp\/v2\/pages"}],"about":[{"href":"https:\/\/www.feuerwehrvereinbuelach.ch\/index.php?rest_route=\/wp\/v2\/types\/page"}],"author":[{"embeddable":true,"href":"https:\/\/www.feuerwehrvereinbuelach.ch\/index.php?rest_route=\/wp\/v2\/users\/56"}],"replies":[{"embeddable":true,"href":"https:\/\/www.feuerwehrvereinbuelach.ch\/index.php?rest_route=%2Fwp%2Fv2%2Fcomments&post=756"}],"version-history":[{"count":29,"href":"https:\/\/www.feuerwehrvereinbuelach.ch\/index.php?rest_route=\/wp\/v2\/pages\/756\/revisions"}],"predecessor-version":[{"id":798,"href":"https:\/\/www.feuerwehrvereinbuelach.ch\/index.php?rest_route=\/wp\/v2\/pages\/756\/revisions\/798"}],"wp:attachment":[{"href":"https:\/\/www.feuerwehrvereinbuelach.ch\/index.php?rest_route=%2Fwp%2Fv2%2Fmedia&parent=756"}],"curies":[{"name":"wp","href":"https:\/\/api.w.org\/{rel}","templated":true}]}}

Feuerwehr Oldtimer mieten für Hochzeit in Zürich

<section id="section_0" class="section double-section section-default section-border-yes " style="background-color:#ffffff;background-image:url(https://www.feuerwehrvereinbuelach.ch/wp-content/uploads/2015/06/oldtimer-feuerwehr-feuerauto-mieten.jpg);"><div class="double-section-content">
		<div class="container"><div class="row-fluid">
			<div class="section-container section-fixed-background-yes  section-bgstyle-stretch rm-padding-no fullwidth-no alignv-center-no " style="padding-top:0;padding-bottom:0;"><div class="inner-content"></div></div><div class="section-container section-fixed-background-yes  section-bgstyle-stretch rm-padding-no fullwidth-no alignv-center-no " style="padding-top:60px;padding-bottom:60px;background-color:#515151; background-color:rgba(81,81,81,1);"><div class="inner-content">
	<h2 class="title textleft style1 divider-light divider-default color-primary" style="margin-bottom:20px"><span>Feuerwehr Oldtimer mieten</span>
	</h2>

	<div class="column-text clearfix">
		<span style="color: #ffffff;">Suchen Sie einen Feuerwehr Oldtimer für Ihre Hochzeitsfahrt? Wir vermieten unseren Feuerwehr Oldtimer für Hochzeit, Geburtstag, Jubiläum, Feiern aller Art, Werbung, Film- und Fotoaufnahmen etc.</span>
	</div> </div></div></div>
		</div></div>
	</section></div></div></section><section id="section_1" class="section  section-border-no section-height-content section-parallax-no section-bgtype- section-fixed-background-yes  section-bgstyle-stretch section-triangle-no triangle-location-top section-overlay-no section-overlay-dot-no " data-parallax_speed="0.8" style="padding-top:60px;padding-bottom:60px;background-color:#ffffff;" data-video-ratio=""><div class="section-overlay"></div><div class="container section-content"><div class="row-fluid"><div class="row-fluid element-padding-default ">
	<div class="span4">
		<div class="inner-content">
			
	<div class="column-text clearfix">
		<strong>Technische Daten</strong></p>
<ul class="icon-list size-small">
<li><span  class="brad-icon " ><i class="fa-fire-extinguisher"></i></span>Baujahr 1938 </li>
<li><span  class="brad-icon " ><i class="fa-fire-extinguisher"></i></span>Leistung ca. 96 kW (ca 130 PS) </li>
<li><span  class="brad-icon " ><i class="fa-fire-extinguisher"></i></span>Hubraum 5212 ccm (320 cu inch) </li>
<li><span  class="brad-icon " ><i class="fa-fire-extinguisher"></i></span>Gewicht leer ca. 2700 kg </li>
<li><span  class="brad-icon " ><i class="fa-fire-extinguisher"></i></span>Zuladung 600 kg </li>
</ul>
	</div> 
		</div> 
	</div> 

	<div class="span4">
		<div class="inner-content">
			
	<div class="column-text clearfix">
		<strong>Preise</strong></p>
<p>ab CHF 300.00 inkl. Chauffeur
	</div> 
		</div> 
	</div> 

	<div class="span4">
		<div class="inner-content">
			
	<div class="column-text clearfix">
		<strong>Mietanfrage</strong></p>
<p>Feuerwehrverein Bülach<br />
Allmendstrasse 4<br />
8180 Bülach</p>
<p>Direkt zum <a href="https://www.feuerwehrvereinbuelach.ch/?page_id=796">Kontaktformular</a>
	</div> 
		</div> 
	</div> 
</div><div class="row-fluid element-padding-default ">
	<div class="span12 agb">
		<div class="inner-content">
			<div class="gap " style="height:40px;line-height:40px;" ></div>

	<div class="column-text clearfix">
		
<p><strong style="line-height: 12px; font-weight: 100; font-size: 80%;">*Die Miete für zwei Stunden CHF 300.00. Jede weitere angebrochene Stunde CHF 100.00. Jeder gefahrene Km wird zusätzlich mit CHF 2.00 pro Km verrechnet. Der Packard wird nur mit Fahrer vermietet. Der Feuerwehrverein Bülach erwirtschaftet mit der Vermietung des Fahrzeuges keinen Gewinn. Die Einnahmen werden ausschliesslich in den Unterhalt des Fahrzeuges investiert.</strong>
	</div> 
		</div> 
	</div> 
</div></div></div></section>

Feuerwehr Oldtimer mieten Suchen Sie einen Feuerwehr Oldtimer für Ihre Hochzeitsfahrt? Wir vermieten unseren Feuerwehr Oldtimer für Hochzeit, Geburtstag, Jubiläum, Feiern aller Art, Werbung, Film- und Fotoaufnahmen etc. Technische Daten Baujahr 1938  Leistung ca. 96 kW (ca 130 PS)  Hubraum [...]
