{"id":697,"date":"2015-06-02T14:30:39","date_gmt":"2015-06-02T12:30:39","guid":{"rendered":"https:\/\/www.feuerwehrvereinbuelach.ch\/?page_id=697"},"modified":"2017-12-19T13:15:19","modified_gmt":"2017-12-19T11:15:19","slug":"home","status":"publish","type":"page","link":"https:\/\/www.feuerwehrvereinbuelach.ch\/","title":{"rendered":"Home"},"content":{"rendered":"<section id=\"section_0\" class=\"section full-width-with-padding section-border-no section-height-content section-parallax-no section-bgtype-image section-fixed-background-yes  section-bgstyle-stretch section-triangle-no triangle-location-top section-overlay-no section-overlay-dot-no \" data-parallax_speed=\"0.8\" style=\"padding-top:80px;padding-bottom:100px;background-color:#ffffff;\" data-video-ratio=\"\"><div class=\"section-overlay\"><\/div><div class=\"container section-content\"><div class=\"row-fluid\">\n\t<h2 class=\"title textcenter default divider-dark divider-default color-default\" style=\"margin-bottom:12px\"><span>Der Verein<\/span>\n\t<\/h2>\n\n\t<div class=\"column-text clearfix\">\n\t\t\n<p style=\"text-align: center;\">Der Feuerwehrverein B\u00fclach wurde 1995 gegr\u00fcndet und z\u00e4hlt um die 60 Mitglieder. Er besteht vorwiegend aus ehemaligen Feuerwehrleuten. Unsere Ziele sind Pflege der Kameradschaft, Restaurierung alter Ger\u00e4tschaften, Aufrechterhaltung der Kontakte zur aktiven Feuerwehr und Weiterf\u00fchren von Traditionen.<\/p>\n\n\t<\/div> <div class=\"gap \" style=\"height:50px;line-height:50px;\" ><\/div>\n<div class=\"row-fluid element-padding-no \">\n\t<div class=\"span4\">\n\t\t<div class=\"inner-content\">\n\t\t\t\n\t<div class=\"single-image img-align-none \" data-animation-delay=\"100\" data-animation-effect=\"\">\n\t\t<img loading=\"lazy\" decoding=\"async\" width=\"640\" height=\"427\" src=\"https:\/\/www.feuerwehrvereinbuelach.ch\/wp-content\/uploads\/2015\/01\/Packard\u00fcbergabe-2.jpg\" class=\"attachment-thumb-large size-thumb-large\" alt=\"\" srcset=\"https:\/\/www.feuerwehrvereinbuelach.ch\/wp-content\/uploads\/2015\/01\/Packard\u00fcbergabe-2.jpg 640w, https:\/\/www.feuerwehrvereinbuelach.ch\/wp-content\/uploads\/2015\/01\/Packard\u00fcbergabe-2-300x200.jpg 300w\" sizes=\"auto, (max-width: 640px) 100vw, 640px\" \/>\n\t\t\t\n\t<\/div> \n\t<div id=\"brad_box_1\" class=\"box scheme1 border-bottom-radius-no border-top-radius-no  \" style=\"padding:40px 15px 25px;background-color:#232525;background-color:rgba(35,37,37,1);\">\n\t\t\n\t<h6 class=\"title textcenter default divider-dark divider-default color-default\" style=\"margin-bottom:5px\"><span>Feuerwehr Oldtimer mieten<\/span>\n\t<\/h6>\n\n\t<div class=\"column-text clearfix\">\n\t\t\n<p style=\"text-align: center;\">Suchen Sie einen Feuerwehr Oldtimer f\u00fcr Ihre Hochzeitsfahrt? Wir vermieten unseren Feuerwehr Oldtimer f\u00fcr Hochzeit, Geburtstag, Jubil\u00e4um, Feiern aller Art, Werbung, Film- und Fotoaufnahmen etc.<\/p>\n\n\t<\/div> <div class=\"gap \" style=\"height:20px;line-height:20px;\" ><\/div>\n<p class=\"sp-container aligncenter\"><a id=\"brad_button_1\" class=\"button button_alternatewhite  default button_alternatewhite icon-align-left\" title=\"Mehr\" href=\"https:\/\/www.feuerwehrvereinbuelach.ch\/?page_id=756\">Mehr<\/a><\/p>\n\n\t<\/div>\n\t\t<\/div> \n\t<\/div> \n\n\t<div class=\"span4\">\n\t\t<div class=\"inner-content\">\n\t\t\t\n\t<div class=\"single-image img-align-none \" data-animation-delay=\"100\" data-animation-effect=\"\">\n\t\t<img loading=\"lazy\" decoding=\"async\" width=\"640\" height=\"426\" src=\"https:\/\/www.feuerwehrvereinbuelach.ch\/wp-content\/uploads\/2015\/01\/C\u00e9cile-Adrian-5.jpg\" class=\"attachment-thumb-large size-thumb-large\" alt=\"\" srcset=\"https:\/\/www.feuerwehrvereinbuelach.ch\/wp-content\/uploads\/2015\/01\/C\u00e9cile-Adrian-5.jpg 640w, https:\/\/www.feuerwehrvereinbuelach.ch\/wp-content\/uploads\/2015\/01\/C\u00e9cile-Adrian-5-300x199.jpg 300w\" sizes=\"auto, (max-width: 640px) 100vw, 640px\" \/>\n\t\t\t\n\t<\/div> \n\t<div id=\"brad_box_2\" class=\"box scheme1 border-bottom-radius-no border-top-radius-no  \" style=\"padding:40px 15px 25px;background-color:#232525;background-color:rgba(35,37,37,1);\">\n\t\t\n\t<h6 class=\"title textcenter default divider-dark divider-default color-default\" style=\"margin-bottom:5px\"><span>Feuerwehrverein B\u00fclach<\/span>\n\t<\/h6>\n\n\t<div class=\"column-text clearfix\">\n\t\t\n<p style=\"text-align: center;\">Der Feuerwehrverein B\u00fclach wurde 1995 gegr\u00fcndet und z\u00e4hlt um die 60 Mitglieder. Wir freuen uns, dich als aktives Mitglied im Feuerwehrverein B\u00fclach willkommen heissen d\u00fcrfen.<\/p>\n\n\t<\/div> <div class=\"gap \" style=\"height:20px;line-height:20px;\" ><\/div>\n<p class=\"sp-container aligncenter\"><a id=\"brad_button_2\" class=\"button button_alternatewhite  default button_alternatewhite icon-align-left\" title=\"Interessiert?\" href=\"https:\/\/www.feuerwehrvereinbuelach.ch\/?page_id=61\">Interessiert?<\/a><\/p>\n\n\t<\/div>\n\t\t<\/div> \n\t<\/div> \n\n\t<div class=\"span4\">\n\t\t<div class=\"inner-content\">\n\t\t\t\n\t<div class=\"single-image img-align-none \" data-animation-delay=\"100\" data-animation-effect=\"\">\n\t\t<img loading=\"lazy\" decoding=\"async\" width=\"1000\" height=\"665\" src=\"https:\/\/www.feuerwehrvereinbuelach.ch\/wp-content\/uploads\/2011\/08\/druckmannschaft-b\u00fcli-06.jpg\" class=\"attachment-thumb-large size-thumb-large\" alt=\"\" srcset=\"https:\/\/www.feuerwehrvereinbuelach.ch\/wp-content\/uploads\/2011\/08\/druckmannschaft-b\u00fcli-06.jpg 3008w, https:\/\/www.feuerwehrvereinbuelach.ch\/wp-content\/uploads\/2011\/08\/druckmannschaft-b\u00fcli-06-300x199.jpg 300w, https:\/\/www.feuerwehrvereinbuelach.ch\/wp-content\/uploads\/2011\/08\/druckmannschaft-b\u00fcli-06-1024x680.jpg 1024w\" sizes=\"auto, (max-width: 1000px) 100vw, 1000px\" \/>\n\t\t\t\n\t<\/div> \n\t<div id=\"brad_box_3\" class=\"box scheme1 border-bottom-radius-no border-top-radius-no  \" style=\"padding:40px 15px 25px;background-color:#232525;background-color:rgba(35,37,37,1);\">\n\t\t\n\t<h6 class=\"title textcenter default divider-dark divider-default color-default\" style=\"margin-bottom:5px\"><span>Login f\u00fcr Mitglieder<\/span>\n\t<\/h6>\n\n\t<div class=\"column-text clearfix\">\n\t\t\n<p style=\"text-align: center;\">Login Bereich nur f\u00fcr bestehende Mitglieder des Feuerwehrvereins B\u00fclach<\/p>\n\n\t<\/div> <div class=\"gap \" style=\"height:25px;line-height:25px;\" ><\/div>\n<div class=\"gap \" style=\"height:20px;line-height:20px;\" ><\/div>\n<p class=\"sp-container aligncenter\"><a id=\"brad_button_3\" class=\"button button_alternatewhite  default button_alternatewhite icon-align-left\" title=\"Login\" href=\"https:\/\/www.feuerwehrvereinbuelach.ch\/?page_id=753\">Login<\/a><\/p>\n\n\t<\/div>\n\t\t<\/div> \n\t<\/div> \n<\/div><div class=\"gap \" style=\"height:80px;line-height:80px;\" ><\/div>\n<\/div><\/div><\/section>\n","protected":false},"excerpt":{"rendered":"Der Verein Der Feuerwehrverein B\u00fclach wurde 1995 gegr\u00fcndet und z\u00e4hlt um die 60 Mitglieder. Er besteht vorwiegend aus ehemaligen Feuerwehrleuten. Unsere Ziele sind Pflege der Kameradschaft, Restaurierung alter Ger\u00e4tschaften, Aufrechterhaltung der Kontakte zur aktiven Feuerwehr und Weiterf\u00fchren von Traditionen. Feuerwehr [...]","protected":false},"author":56,"featured_media":0,"parent":0,"menu_order":0,"comment_status":"open","ping_status":"open","template":"","meta":{"footnotes":""},"class_list":["post-697","page","type-page","status-publish","hentry"],"_links":{"self":[{"href":"https:\/\/www.feuerwehrvereinbuelach.ch\/index.php?rest_route=\/wp\/v2\/pages\/697","targetHints":{"allow":["GET"]}}],"collection":[{"href":"https:\/\/www.feuerwehrvereinbuelach.ch\/index.php?rest_route=\/wp\/v2\/pages"}],"about":[{"href":"https:\/\/www.feuerwehrvereinbuelach.ch\/index.php?rest_route=\/wp\/v2\/types\/page"}],"author":[{"embeddable":true,"href":"https:\/\/www.feuerwehrvereinbuelach.ch\/index.php?rest_route=\/wp\/v2\/users\/56"}],"replies":[{"embeddable":true,"href":"https:\/\/www.feuerwehrvereinbuelach.ch\/index.php?rest_route=%2Fwp%2Fv2%2Fcomments&post=697"}],"version-history":[{"count":35,"href":"https:\/\/www.feuerwehrvereinbuelach.ch\/index.php?rest_route=\/wp\/v2\/pages\/697\/revisions"}],"predecessor-version":[{"id":880,"href":"https:\/\/www.feuerwehrvereinbuelach.ch\/index.php?rest_route=\/wp\/v2\/pages\/697\/revisions\/880"}],"wp:attachment":[{"href":"https:\/\/www.feuerwehrvereinbuelach.ch\/index.php?rest_route=%2Fwp%2Fv2%2Fmedia&parent=697"}],"curies":[{"name":"wp","href":"https:\/\/api.w.org\/{rel}","templated":true}]}}

<section id="section_0" class="section full-width-with-padding section-border-no section-height-content section-parallax-no section-bgtype-image section-fixed-background-yes  section-bgstyle-stretch section-triangle-no triangle-location-top section-overlay-no section-overlay-dot-no " data-parallax_speed="0.8" style="padding-top:80px;padding-bottom:100px;background-color:#ffffff;" data-video-ratio=""><div class="section-overlay"></div><div class="container section-content"><div class="row-fluid">
	<h2 class="title textcenter default divider-dark divider-default color-default" style="margin-bottom:12px"><span>Der Verein</span>
	</h2>

	<div class="column-text clearfix">
		
<p style="text-align: center;">Der Feuerwehrverein Bülach wurde 1995 gegründet und zählt um die 60 Mitglieder. Er besteht vorwiegend aus ehemaligen Feuerwehrleuten. Unsere Ziele sind Pflege der Kameradschaft, Restaurierung alter Gerätschaften, Aufrechterhaltung der Kontakte zur aktiven Feuerwehr und Weiterführen von Traditionen.</p>

	</div> <div class="gap " style="height:50px;line-height:50px;" ></div>
<div class="row-fluid element-padding-no ">
	<div class="span4">
		<div class="inner-content">
			
	<div class="single-image img-align-none " data-animation-delay="100" data-animation-effect="">
		<img loading="lazy" decoding="async" width="640" height="427" src="https://www.feuerwehrvereinbuelach.ch/wp-content/uploads/2015/01/Packardübergabe-2.jpg" class="attachment-thumb-large size-thumb-large" alt="" srcset="https://www.feuerwehrvereinbuelach.ch/wp-content/uploads/2015/01/Packardübergabe-2.jpg 640w, https://www.feuerwehrvereinbuelach.ch/wp-content/uploads/2015/01/Packardübergabe-2-300x200.jpg 300w" sizes="auto, (max-width: 640px) 100vw, 640px" />
			
	</div> 
	<div id="brad_box_1" class="box scheme1 border-bottom-radius-no border-top-radius-no  " style="padding:40px 15px 25px;background-color:#232525;background-color:rgba(35,37,37,1);">
		
	<h6 class="title textcenter default divider-dark divider-default color-default" style="margin-bottom:5px"><span>Feuerwehr Oldtimer mieten</span>
	</h6>

	<div class="column-text clearfix">
		
<p style="text-align: center;">Suchen Sie einen Feuerwehr Oldtimer für Ihre Hochzeitsfahrt? Wir vermieten unseren Feuerwehr Oldtimer für Hochzeit, Geburtstag, Jubiläum, Feiern aller Art, Werbung, Film- und Fotoaufnahmen etc.</p>

	</div> <div class="gap " style="height:20px;line-height:20px;" ></div>
<p class="sp-container aligncenter"><a id="brad_button_1" class="button button_alternatewhite  default button_alternatewhite icon-align-left" title="Mehr" href="https://www.feuerwehrvereinbuelach.ch/?page_id=756">Mehr</a></p>

	</div>
		</div> 
	</div> 

	<div class="span4">
		<div class="inner-content">
			
	<div class="single-image img-align-none " data-animation-delay="100" data-animation-effect="">
		<img loading="lazy" decoding="async" width="640" height="426" src="https://www.feuerwehrvereinbuelach.ch/wp-content/uploads/2015/01/Cécile-Adrian-5.jpg" class="attachment-thumb-large size-thumb-large" alt="" srcset="https://www.feuerwehrvereinbuelach.ch/wp-content/uploads/2015/01/Cécile-Adrian-5.jpg 640w, https://www.feuerwehrvereinbuelach.ch/wp-content/uploads/2015/01/Cécile-Adrian-5-300x199.jpg 300w" sizes="auto, (max-width: 640px) 100vw, 640px" />
			
	</div> 
	<div id="brad_box_2" class="box scheme1 border-bottom-radius-no border-top-radius-no  " style="padding:40px 15px 25px;background-color:#232525;background-color:rgba(35,37,37,1);">
		
	<h6 class="title textcenter default divider-dark divider-default color-default" style="margin-bottom:5px"><span>Feuerwehrverein Bülach</span>
	</h6>

	<div class="column-text clearfix">
		
<p style="text-align: center;">Der Feuerwehrverein Bülach wurde 1995 gegründet und zählt um die 60 Mitglieder. Wir freuen uns, dich als aktives Mitglied im Feuerwehrverein Bülach willkommen heissen dürfen.</p>

	</div> <div class="gap " style="height:20px;line-height:20px;" ></div>
<p class="sp-container aligncenter"><a id="brad_button_2" class="button button_alternatewhite  default button_alternatewhite icon-align-left" title="Interessiert?" href="https://www.feuerwehrvereinbuelach.ch/?page_id=61">Interessiert?</a></p>

	</div>
		</div> 
	</div> 

	<div class="span4">
		<div class="inner-content">
			
	<div class="single-image img-align-none " data-animation-delay="100" data-animation-effect="">
		<img loading="lazy" decoding="async" width="1000" height="665" src="https://www.feuerwehrvereinbuelach.ch/wp-content/uploads/2011/08/druckmannschaft-büli-06.jpg" class="attachment-thumb-large size-thumb-large" alt="" srcset="https://www.feuerwehrvereinbuelach.ch/wp-content/uploads/2011/08/druckmannschaft-büli-06.jpg 3008w, https://www.feuerwehrvereinbuelach.ch/wp-content/uploads/2011/08/druckmannschaft-büli-06-300x199.jpg 300w, https://www.feuerwehrvereinbuelach.ch/wp-content/uploads/2011/08/druckmannschaft-büli-06-1024x680.jpg 1024w" sizes="auto, (max-width: 1000px) 100vw, 1000px" />
			
	</div> 
	<div id="brad_box_3" class="box scheme1 border-bottom-radius-no border-top-radius-no  " style="padding:40px 15px 25px;background-color:#232525;background-color:rgba(35,37,37,1);">
		
	<h6 class="title textcenter default divider-dark divider-default color-default" style="margin-bottom:5px"><span>Login für Mitglieder</span>
	</h6>

	<div class="column-text clearfix">
		
<p style="text-align: center;">Login Bereich nur für bestehende Mitglieder des Feuerwehrvereins Bülach</p>

	</div> <div class="gap " style="height:25px;line-height:25px;" ></div>
<div class="gap " style="height:20px;line-height:20px;" ></div>
<p class="sp-container aligncenter"><a id="brad_button_3" class="button button_alternatewhite  default button_alternatewhite icon-align-left" title="Login" href="https://www.feuerwehrvereinbuelach.ch/?page_id=753">Login</a></p>

	</div>
		</div> 
	</div> 
</div><div class="gap " style="height:80px;line-height:80px;" ></div>
</div></div></section>

Der Verein Der Feuerwehrverein Bülach wurde 1995 gegründet und zählt um die 60 Mitglieder. Er besteht vorwiegend aus ehemaligen Feuerwehrleuten. Unsere Ziele sind Pflege der Kameradschaft, Restaurierung alter Gerätschaften, Aufrechterhaltung der Kontakte zur aktiven Feuerwehr und Weiterführen von Traditionen. Feuerwehr [...]
