{"id":61,"date":"2011-08-29T18:51:34","date_gmt":"2011-08-29T18:51:34","guid":{"rendered":"https:\/\/www.feuerwehrvereinbuelach.ch\/?page_id=61"},"modified":"2011-11-19T23:20:55","modified_gmt":"2011-11-19T21:20:55","slug":"beitritt-zum-verein","status":"publish","type":"page","link":"https:\/\/www.feuerwehrvereinbuelach.ch\/?page_id=61","title":{"rendered":"Beitritt zum Verein"},"content":{"rendered":"<p>Der Feuerwehrverein lebt von und durch seine Mitglieder.\u00a0Wir freuen uns, wenn wir dich demn\u00e4chst als aktives Mitglied im Feuerwehrverein B\u00fclach willkommen heissen d\u00fcrfen. Intressiert? Einfach das Formular ausf\u00fcllen und Mitgliedschaft beantragen.<\/p>\n\n<div class=\"wpcf7 no-js\" id=\"wpcf7-f660-o1\" lang=\"en-US\" dir=\"ltr\" data-wpcf7-id=\"660\">\n<div class=\"screen-reader-response\"><p role=\"status\" aria-live=\"polite\" aria-atomic=\"true\"><\/p> <ul><\/ul><\/div>\n<form action=\"\/index.php?rest_route=%2Fwp%2Fv2%2Fpages%2F61#wpcf7-f660-o1\" method=\"post\" class=\"wpcf7-form init\" aria-label=\"Contact form\" novalidate=\"novalidate\" data-status=\"init\">\n<div style=\"display: none;\">\n<input type=\"hidden\" name=\"_wpcf7\" value=\"660\" \/>\n<input type=\"hidden\" name=\"_wpcf7_version\" value=\"6.0.6\" \/>\n<input type=\"hidden\" name=\"_wpcf7_locale\" value=\"en_US\" \/>\n<input type=\"hidden\" name=\"_wpcf7_unit_tag\" value=\"wpcf7-f660-o1\" \/>\n<input type=\"hidden\" name=\"_wpcf7_container_post\" value=\"0\" \/>\n<input type=\"hidden\" name=\"_wpcf7_posted_data_hash\" value=\"\" \/>\n<\/div>\n<p>Name (Pflichtfeld)\n<\/p>\n<p><span class=\"wpcf7-form-control-wrap\" data-name=\"your-name\"><input size=\"40\" maxlength=\"400\" class=\"wpcf7-form-control wpcf7-text wpcf7-validates-as-required\" aria-required=\"true\" aria-invalid=\"false\" value=\"\" type=\"text\" name=\"your-name\" \/><\/span>\n<\/p>\n<p>Vorname (Pflichtfeld)\n<\/p>\n<p><span class=\"wpcf7-form-control-wrap\" data-name=\"your-vorname\"><input size=\"40\" maxlength=\"400\" class=\"wpcf7-form-control wpcf7-text wpcf7-validates-as-required\" aria-required=\"true\" aria-invalid=\"false\" value=\"\" type=\"text\" name=\"your-vorname\" \/><\/span>\n<\/p>\n<p>Ihre Email Adresse (Pflichtfeld)\n<\/p>\n<p><span class=\"wpcf7-form-control-wrap\" data-name=\"your-email\"><input size=\"40\" maxlength=\"400\" class=\"wpcf7-form-control wpcf7-email wpcf7-validates-as-required wpcf7-text wpcf7-validates-as-email\" aria-required=\"true\" aria-invalid=\"false\" value=\"\" type=\"email\" name=\"your-email\" \/><\/span>\n<\/p>\n<p>Adresse\n<\/p>\n<p><span class=\"wpcf7-form-control-wrap\" data-name=\"your-address\"><input size=\"40\" maxlength=\"400\" class=\"wpcf7-form-control wpcf7-text\" aria-invalid=\"false\" value=\"\" type=\"text\" name=\"your-address\" \/><\/span>\n<\/p>\n<p>PLZ \/ Ort\n<\/p>\n<p><span class=\"wpcf7-form-control-wrap\" data-name=\"your-ort\"><input size=\"40\" maxlength=\"400\" class=\"wpcf7-form-control wpcf7-text wpcf7-validates-as-required\" aria-required=\"true\" aria-invalid=\"false\" value=\"\" type=\"text\" name=\"your-ort\" \/><\/span>\n<\/p>\n<p>Telefon\n<\/p>\n<p><span class=\"wpcf7-form-control-wrap\" data-name=\"your-telefon\"><input size=\"40\" maxlength=\"400\" class=\"wpcf7-form-control wpcf7-text wpcf7-validates-as-required\" aria-required=\"true\" aria-invalid=\"false\" value=\"\" type=\"text\" name=\"your-telefon\" \/><\/span>\n<\/p>\n<p>Aktiv in der Feuerwehr B\u00fclach\n<\/p>\n<p><span class=\"wpcf7-form-control-wrap\" data-name=\"aktiv_fw_buelach\"><span class=\"wpcf7-form-control wpcf7-checkbox\"><span class=\"wpcf7-list-item first\"><input type=\"checkbox\" name=\"aktiv_fw_buelach[]\" value=\"Ja\" \/><span class=\"wpcf7-list-item-label\">Ja<\/span><\/span><span class=\"wpcf7-list-item last\"><input type=\"checkbox\" name=\"aktiv_fw_buelach[]\" value=\"Nein\" \/><span class=\"wpcf7-list-item-label\">Nein<\/span><\/span><\/span><\/span>\n<\/p>\n<p>Aktiv in einer anderen Feuerwehr\n<\/p>\n<p><span class=\"wpcf7-form-control-wrap\" data-name=\"aktiv_andere_fw\"><span class=\"wpcf7-form-control wpcf7-checkbox\"><span class=\"wpcf7-list-item first\"><input type=\"checkbox\" name=\"aktiv_andere_fw[]\" value=\"Ja\" \/><span class=\"wpcf7-list-item-label\">Ja<\/span><\/span><span class=\"wpcf7-list-item last\"><input type=\"checkbox\" name=\"aktiv_andere_fw[]\" value=\"Nein\" \/><span class=\"wpcf7-list-item-label\">Nein<\/span><\/span><\/span><\/span>\n<\/p>\n<p>Bemerkungen\n<\/p>\n<p><span class=\"wpcf7-form-control-wrap\" data-name=\"your-message\"><textarea cols=\"40\" rows=\"10\" maxlength=\"2000\" class=\"wpcf7-form-control wpcf7-textarea\" aria-invalid=\"false\" name=\"your-message\"><\/textarea><\/span>\n<\/p>\n<p><input class=\"wpcf7-form-control wpcf7-submit has-spinner\" type=\"submit\" value=\"Senden\" \/>\n<\/p><div class=\"wpcf7-response-output\" aria-hidden=\"true\"><\/div>\n<\/form>\n<\/div>\n\n","protected":false},"excerpt":{"rendered":"<p>Der Feuerwehrverein lebt von und durch seine Mitglieder.\u00a0Wir freuen uns, wenn wir dich demn\u00e4chst als aktives Mitglied im Feuerwehrverein B\u00fclach willkommen heissen d\u00fcrfen. Intressiert? Einfach das Formular ausf\u00fcllen und Mitgliedschaft beantragen.<\/p>\n","protected":false},"author":56,"featured_media":0,"parent":4,"menu_order":0,"comment_status":"open","ping_status":"open","template":"","meta":{"footnotes":""},"class_list":["post-61","page","type-page","status-publish","hentry"],"_links":{"self":[{"href":"https:\/\/www.feuerwehrvereinbuelach.ch\/index.php?rest_route=\/wp\/v2\/pages\/61","targetHints":{"allow":["GET"]}}],"collection":[{"href":"https:\/\/www.feuerwehrvereinbuelach.ch\/index.php?rest_route=\/wp\/v2\/pages"}],"about":[{"href":"https:\/\/www.feuerwehrvereinbuelach.ch\/index.php?rest_route=\/wp\/v2\/types\/page"}],"author":[{"embeddable":true,"href":"https:\/\/www.feuerwehrvereinbuelach.ch\/index.php?rest_route=\/wp\/v2\/users\/56"}],"replies":[{"embeddable":true,"href":"https:\/\/www.feuerwehrvereinbuelach.ch\/index.php?rest_route=%2Fwp%2Fv2%2Fcomments&post=61"}],"version-history":[{"count":9,"href":"https:\/\/www.feuerwehrvereinbuelach.ch\/index.php?rest_route=\/wp\/v2\/pages\/61\/revisions"}],"predecessor-version":[{"id":522,"href":"https:\/\/www.feuerwehrvereinbuelach.ch\/index.php?rest_route=\/wp\/v2\/pages\/61\/revisions\/522"}],"up":[{"embeddable":true,"href":"https:\/\/www.feuerwehrvereinbuelach.ch\/index.php?rest_route=\/wp\/v2\/pages\/4"}],"wp:attachment":[{"href":"https:\/\/www.feuerwehrvereinbuelach.ch\/index.php?rest_route=%2Fwp%2Fv2%2Fmedia&parent=61"}],"curies":[{"name":"wp","href":"https:\/\/api.w.org\/{rel}","templated":true}]}}

<p>Der Feuerwehrverein lebt von und durch seine Mitglieder. Wir freuen uns, wenn wir dich demnächst als aktives Mitglied im Feuerwehrverein Bülach willkommen heissen dürfen. Intressiert? Einfach das Formular ausfüllen und Mitgliedschaft beantragen.</p>

<div class="wpcf7 no-js" id="wpcf7-f660-o1" lang="en-US" dir="ltr" data-wpcf7-id="660">
<div class="screen-reader-response"><p role="status" aria-live="polite" aria-atomic="true"></p> <ul></ul></div>
<form action="/index.php?rest_route=%2Fwp%2Fv2%2Fpages%2F61#wpcf7-f660-o1" method="post" class="wpcf7-form init" aria-label="Contact form" novalidate="novalidate" data-status="init">
<div style="display: none;">
<input type="hidden" name="_wpcf7" value="660" />
<input type="hidden" name="_wpcf7_version" value="6.0.6" />
<input type="hidden" name="_wpcf7_locale" value="en_US" />
<input type="hidden" name="_wpcf7_unit_tag" value="wpcf7-f660-o1" />
<input type="hidden" name="_wpcf7_container_post" value="0" />
<input type="hidden" name="_wpcf7_posted_data_hash" value="" />
</div>
<p>Name (Pflichtfeld)
</p>
<p><span class="wpcf7-form-control-wrap" data-name="your-name"><input size="40" maxlength="400" class="wpcf7-form-control wpcf7-text wpcf7-validates-as-required" aria-required="true" aria-invalid="false" value="" type="text" name="your-name" /></span>
</p>
<p>Vorname (Pflichtfeld)
</p>
<p><span class="wpcf7-form-control-wrap" data-name="your-vorname"><input size="40" maxlength="400" class="wpcf7-form-control wpcf7-text wpcf7-validates-as-required" aria-required="true" aria-invalid="false" value="" type="text" name="your-vorname" /></span>
</p>
<p>Ihre Email Adresse (Pflichtfeld)
</p>
<p><span class="wpcf7-form-control-wrap" data-name="your-email"><input size="40" maxlength="400" class="wpcf7-form-control wpcf7-email wpcf7-validates-as-required wpcf7-text wpcf7-validates-as-email" aria-required="true" aria-invalid="false" value="" type="email" name="your-email" /></span>
</p>
<p>Adresse
</p>
<p><span class="wpcf7-form-control-wrap" data-name="your-address"><input size="40" maxlength="400" class="wpcf7-form-control wpcf7-text" aria-invalid="false" value="" type="text" name="your-address" /></span>
</p>
<p>PLZ / Ort
</p>
<p><span class="wpcf7-form-control-wrap" data-name="your-ort"><input size="40" maxlength="400" class="wpcf7-form-control wpcf7-text wpcf7-validates-as-required" aria-required="true" aria-invalid="false" value="" type="text" name="your-ort" /></span>
</p>
<p>Telefon
</p>
<p><span class="wpcf7-form-control-wrap" data-name="your-telefon"><input size="40" maxlength="400" class="wpcf7-form-control wpcf7-text wpcf7-validates-as-required" aria-required="true" aria-invalid="false" value="" type="text" name="your-telefon" /></span>
</p>
<p>Aktiv in der Feuerwehr Bülach
</p>
<p><span class="wpcf7-form-control-wrap" data-name="aktiv_fw_buelach"><span class="wpcf7-form-control wpcf7-checkbox"><span class="wpcf7-list-item first"><input type="checkbox" name="aktiv_fw_buelach[]" value="Ja" /><span class="wpcf7-list-item-label">Ja</span></span><span class="wpcf7-list-item last"><input type="checkbox" name="aktiv_fw_buelach[]" value="Nein" /><span class="wpcf7-list-item-label">Nein</span></span></span></span>
</p>
<p>Aktiv in einer anderen Feuerwehr
</p>
<p><span class="wpcf7-form-control-wrap" data-name="aktiv_andere_fw"><span class="wpcf7-form-control wpcf7-checkbox"><span class="wpcf7-list-item first"><input type="checkbox" name="aktiv_andere_fw[]" value="Ja" /><span class="wpcf7-list-item-label">Ja</span></span><span class="wpcf7-list-item last"><input type="checkbox" name="aktiv_andere_fw[]" value="Nein" /><span class="wpcf7-list-item-label">Nein</span></span></span></span>
</p>
<p>Bemerkungen
</p>
<p><span class="wpcf7-form-control-wrap" data-name="your-message"><textarea cols="40" rows="10" maxlength="2000" class="wpcf7-form-control wpcf7-textarea" aria-invalid="false" name="your-message"></textarea></span>
</p>
<p><input class="wpcf7-form-control wpcf7-submit has-spinner" type="submit" value="Senden" />
</p><div class="wpcf7-response-output" aria-hidden="true"></div>
</form>
</div>

<p>Der Feuerwehrverein lebt von und durch seine Mitglieder. Wir freuen uns, wenn wir dich demnächst als aktives Mitglied im Feuerwehrverein Bülach willkommen heissen dürfen. Intressiert? Einfach das Formular ausfüllen und Mitgliedschaft beantragen.</p>
